{"id":2705,"date":"2024-03-27T11:22:08","date_gmt":"2024-03-27T10:22:08","guid":{"rendered":"https:\/\/karwodrza.pl\/?page_id=2705"},"modified":"2025-12-29T19:43:40","modified_gmt":"2025-12-29T18:43:40","slug":"soltys-i-rada-solecka","status":"publish","type":"page","link":"https:\/\/karwodrza.pl\/index.php\/soltys-i-rada-solecka\/","title":{"rendered":"Radny, so\u0142tys i rada so\u0142ecka"},"content":{"rendered":"\n<p class=\"has-black-color has-text-color has-link-color wp-elements-1 wp-block-paragraph\"><strong>Radny Rady Miejskiej w Tuchowie okr\u0119g Karwodrza i Trzemesna, oraz So\u0142tys i Rada So\u0142ecka Karwodrzy.<\/strong><\/p>\n\n\n\n<p class=\"has-black-color has-text-color has-link-color wp-elements-2 wp-block-paragraph\"><strong>Kadencja 2024-2029:<\/strong><\/p>\n\n\n\n<p class=\"wp-block-paragraph\">_______________<\/p>\n\n\n\n<p class=\"has-black-color has-text-color has-link-color wp-elements-3 wp-block-paragraph\"><strong>Radny Rady Miejskiej w Tuchowie:<\/strong> <strong>\u0141ukasz W\u0142odarz<\/strong><\/p>\n\n\n\n<p class=\"has-black-color has-text-color has-link-color wp-elements-4 wp-block-paragraph\">Kontakt:<\/p>\n\n\n\n<p class=\"has-black-color has-text-color has-link-color wp-elements-5 wp-block-paragraph\">tel. 696-475-090<\/p>\n\n\n\n<p class=\"has-black-color has-text-color has-link-color wp-elements-6 wp-block-paragraph\">mail: l.wlodarz@tuchow.pl<\/p>\n\n\n\n<p class=\"wp-block-paragraph\">_______________<\/p>\n\n\n\n<p class=\"has-black-color has-text-color has-link-color wp-elements-7 wp-block-paragraph\"><strong>So\u0142tys Karwodrzy:<\/strong> <strong>Micha\u0142 Mikos<\/strong><\/p>\n\n\n\n<p class=\"has-black-color has-text-color has-link-color wp-elements-8 wp-block-paragraph\">Kontakt: <\/p>\n\n\n\n<p class=\"has-black-color has-text-color has-link-color wp-elements-9 wp-block-paragraph\">tel. 511-470-626<\/p>\n\n\n\n<p class=\"has-black-color has-text-color has-link-color wp-elements-10 wp-block-paragraph\">mail: radakarwodrza@gmail.com<\/p>\n\n\n\n<p class=\"wp-block-paragraph\">_______________<\/p>\n\n\n\n<p class=\"has-black-color has-text-color has-link-color wp-elements-11 wp-block-paragraph\"><strong>Cz\u0142onkowie Rady So\u0142eckiej Karwodrzy:<\/strong><\/p>\n\n\n\n<p class=\"has-black-color has-text-color has-link-color wp-elements-12 wp-block-paragraph\">Ryszard Budzik<\/p>\n\n\n\n<p class=\"has-black-color has-text-color has-link-color wp-elements-13 wp-block-paragraph\">Aleksander Gawrya\u0142<\/p>\n\n\n\n<p class=\"has-black-color has-text-color has-link-color wp-elements-14 wp-block-paragraph\">Jan Gawrya\u0142<\/p>\n\n\n\n<p class=\"has-black-color has-text-color has-link-color wp-elements-15 wp-block-paragraph\">Albert Krzemie\u0144<\/p>\n\n\n\n<p class=\"has-black-color has-text-color has-link-color wp-elements-16 wp-block-paragraph\">Miros\u0142aw Popardowski<\/p>\n\n\n\n<p class=\"has-black-color has-text-color has-link-color wp-elements-17 wp-block-paragraph\">Danuta Skr\u0119\u017cyna<\/p>\n\n\n\n<p class=\"has-black-color has-text-color has-link-color wp-elements-18 wp-block-paragraph\">Marcin Skrzek<\/p>\n\n\n\n<p class=\"wp-block-paragraph\">_______________<\/p>\n\n\n\n<p class=\"has-black-color has-text-color has-link-color wp-elements-19 wp-block-paragraph\">Informujemy, \u017ce w ka\u017cdy trzeci pi\u0105tek miesi\u0105ca (poza lipcem gdy jest urlop), w Domu Stra\u017caka w Karwodrzy, w godzinach od 17:00 do 19:00, swoje dy\u017cury dla mieszka\u0144c\u00f3w b\u0119d\u0105 pe\u0142ni\u0107 radny Rady Miejskiej \u0141ukasz W\u0142odarz i so\u0142tys Karwodrzy Micha\u0142 Mikos.<\/p>\n\n\n\n<p class=\"has-black-color has-text-color has-link-color wp-elements-20 wp-block-paragraph\"><strong>W roku 2026 b\u0119d\u0105 to dni: 16.I, 20.II, 20.III, 17.IV, 15.V, 19.VI, 21.VIII, 18.IX, 16.X, 20.XI i 18.XII.<\/strong><\/p>\n","protected":false},"excerpt":{"rendered":"<p>Radny Rady Miejskiej w Tuchowie okr\u0119g Karwodrza i Trzemesna, oraz So\u0142tys i Rada So\u0142ecka Karwodrzy. Kadencja 2024-2029: _______________ Radny Rady Miejskiej w Tuchowie: \u0141ukasz W\u0142odarz Kontakt: tel. 696-475-090 mail: l.wlodarz@tuchow.pl _______________ So\u0142tys Karwodrzy: Micha\u0142 Mikos Kontakt: tel. 511-470-626 mail: radakarwodrza@gmail.com _______________ Cz\u0142onkowie Rady So\u0142eckiej Karwodrzy: Ryszard Budzik Aleksander Gawrya\u0142 Jan Gawrya\u0142 Albert Krzemie\u0144 Miros\u0142aw Popardowski&hellip; <br \/> <a class=\"read-more\" href=\"https:\/\/karwodrza.pl\/index.php\/soltys-i-rada-solecka\/\">Dowiedz si\u0119 wi\u0119cej<\/a><\/p>\n","protected":false},"author":2,"featured_media":0,"parent":0,"menu_order":0,"comment_status":"closed","ping_status":"closed","template":"","meta":{"footnotes":""},"class_list":["post-2705","page","type-page","status-publish","hentry"],"_links":{"self":[{"href":"https:\/\/karwodrza.pl\/index.php\/wp-json\/wp\/v2\/pages\/2705","targetHints":{"allow":["GET"]}}],"collection":[{"href":"https:\/\/karwodrza.pl\/index.php\/wp-json\/wp\/v2\/pages"}],"about":[{"href":"https:\/\/karwodrza.pl\/index.php\/wp-json\/wp\/v2\/types\/page"}],"author":[{"embeddable":true,"href":"https:\/\/karwodrza.pl\/index.php\/wp-json\/wp\/v2\/users\/2"}],"replies":[{"embeddable":true,"href":"https:\/\/karwodrza.pl\/index.php\/wp-json\/wp\/v2\/comments?post=2705"}],"version-history":[{"count":19,"href":"https:\/\/karwodrza.pl\/index.php\/wp-json\/wp\/v2\/pages\/2705\/revisions"}],"predecessor-version":[{"id":3861,"href":"https:\/\/karwodrza.pl\/index.php\/wp-json\/wp\/v2\/pages\/2705\/revisions\/3861"}],"wp:attachment":[{"href":"https:\/\/karwodrza.pl\/index.php\/wp-json\/wp\/v2\/media?parent=2705"}],"curies":[{"name":"wp","href":"https:\/\/api.w.org\/{rel}","templated":true}]}}

Radny, sołtys i rada sołecka

<p class="has-black-color has-text-color has-link-color wp-elements-1 wp-block-paragraph"><strong>Radny Rady Miejskiej w Tuchowie okręg Karwodrza i Trzemesna, oraz Sołtys i Rada Sołecka Karwodrzy.</strong></p>



<p class="has-black-color has-text-color has-link-color wp-elements-2 wp-block-paragraph"><strong>Kadencja 2024-2029:</strong></p>



<p class="wp-block-paragraph">_______________</p>



<p class="has-black-color has-text-color has-link-color wp-elements-3 wp-block-paragraph"><strong>Radny Rady Miejskiej w Tuchowie:</strong> <strong>Łukasz Włodarz</strong></p>



<p class="has-black-color has-text-color has-link-color wp-elements-4 wp-block-paragraph">Kontakt:</p>



<p class="has-black-color has-text-color has-link-color wp-elements-5 wp-block-paragraph">tel. 696-475-090</p>



<p class="has-black-color has-text-color has-link-color wp-elements-6 wp-block-paragraph">mail: l.wlodarz@tuchow.pl</p>



<p class="wp-block-paragraph">_______________</p>



<p class="has-black-color has-text-color has-link-color wp-elements-7 wp-block-paragraph"><strong>Sołtys Karwodrzy:</strong> <strong>Michał Mikos</strong></p>



<p class="has-black-color has-text-color has-link-color wp-elements-8 wp-block-paragraph">Kontakt: </p>



<p class="has-black-color has-text-color has-link-color wp-elements-9 wp-block-paragraph">tel. 511-470-626</p>



<p class="has-black-color has-text-color has-link-color wp-elements-10 wp-block-paragraph">mail: radakarwodrza@gmail.com</p>



<p class="wp-block-paragraph">_______________</p>



<p class="has-black-color has-text-color has-link-color wp-elements-11 wp-block-paragraph"><strong>Członkowie Rady Sołeckiej Karwodrzy:</strong></p>



<p class="has-black-color has-text-color has-link-color wp-elements-12 wp-block-paragraph">Ryszard Budzik</p>



<p class="has-black-color has-text-color has-link-color wp-elements-13 wp-block-paragraph">Aleksander Gawryał</p>



<p class="has-black-color has-text-color has-link-color wp-elements-14 wp-block-paragraph">Jan Gawryał</p>



<p class="has-black-color has-text-color has-link-color wp-elements-15 wp-block-paragraph">Albert Krzemień</p>



<p class="has-black-color has-text-color has-link-color wp-elements-16 wp-block-paragraph">Mirosław Popardowski</p>



<p class="has-black-color has-text-color has-link-color wp-elements-17 wp-block-paragraph">Danuta Skrężyna</p>



<p class="has-black-color has-text-color has-link-color wp-elements-18 wp-block-paragraph">Marcin Skrzek</p>



<p class="wp-block-paragraph">_______________</p>



<p class="has-black-color has-text-color has-link-color wp-elements-19 wp-block-paragraph">Informujemy, że w każdy trzeci piątek miesiąca (poza lipcem gdy jest urlop), w Domu Strażaka w Karwodrzy, w godzinach od 17:00 do 19:00, swoje dyżury dla mieszkańców będą pełnić radny Rady Miejskiej Łukasz Włodarz i sołtys Karwodrzy Michał Mikos.</p>



<p class="has-black-color has-text-color has-link-color wp-elements-20 wp-block-paragraph"><strong>W roku 2026 będą to dni: 16.I, 20.II, 20.III, 17.IV, 15.V, 19.VI, 21.VIII, 18.IX, 16.X, 20.XI i 18.XII.</strong></p>

<p>Radny Rady Miejskiej w Tuchowie okręg Karwodrza i Trzemesna, oraz Sołtys i Rada Sołecka Karwodrzy. Kadencja 2024-2029: _______________ Radny Rady Miejskiej w Tuchowie: Łukasz Włodarz Kontakt: tel. 696-475-090 mail: l.wlodarz@tuchow.pl _______________ Sołtys Karwodrzy: Michał Mikos Kontakt: tel. 511-470-626 mail: radakarwodrza@gmail.com _______________ Członkowie Rady Sołeckiej Karwodrzy: Ryszard Budzik Aleksander Gawryał Jan Gawryał Albert Krzemień Mirosław Popardowski&hellip; <br /> <a class="read-more" href="https://karwodrza.pl/index.php/soltys-i-rada-solecka/">Dowiedz się więcej</a></p>
